t is -3 + -1 + 5 - 5?
-4
What is 3 - (4 - (-8 - (5 + -11)))?
-3
What is -1 - -3 - (-2 - 0)?
4
What is -4 - -6 - (0 + -2 + 0)?
4
What is the value of -4 + 3 + 3 + -7 + 5?
0
Calculate (4 - 0) + -1 + -2.
1
What is the value of -4 - -6 - 1 - -4 - 7?
-2
Evaluate (-2 - (1 - 1)) + -6.
-8
What is -1 + 13 - (109 + -105)?
8
-25 + 27 + 6 + (-6 - 1)
1
Calculate -3 + 1 - -5 - (0 + 1).
2
What is the value of (7 - 11) + -2 + 6?
0
Calculate (-4 - -1) + -1 + 1.
-3
Evaluate 5 + -1 - ((-1 - 1) + 4).
2
Calculate 4 + (-3 - -1 - 7) + 10.
5
What is -2 - 5 - (12 - 8) - -5?
-6
What is -6 + 3 + 2 - (1 + 0)?
-2
What is 1 - -1 - (-9 - -7)?
4
What is -3 - (-9 + 2 - -6)?
-2
-1 - 3 - ((3 - 0) + -4)
-3
-2 - 0 - -7 - (-47 + 48)
4
What is -3 - 1 - -4 - 1?
-1
Evaluate (9 - 3) + (-3 - -2).
5
Calculate (0 - 4) + 2 + 5 - 1.
2
-2 + (9 - (1 + 1) - 3)
2
Calculate -16 + 9 + 21 - 8.
6
What is -1 - (-13 - (9 + -14))?
7
0 + 1 + -3 - -3
1
-13 - (-4 + (-17 - -9))
-1
Evaluate 6 - (1 - (-9 + 0)).
-4
(-4 - (-4 - -3) - -3) + -2
-2
What is -3 + -4 + 0 + 16 + -8?
1
Calculate -9 + 2 + (4 + -2 - 0).
-5
Calculate (22 - (1 - -4)) + -13.
4
Evaluate 5 + 4 + 1 + -6.
4
What is the value of 0 - ((-5 - -6) + (2 - 1))?
-2
What is -3 - (10 + (6 - 11))?
-8
Calculate 1 - 1 - 1 - 2 - -6.
3
Evaluate -9 + (-1 - (-18 + 7)).
1
What is (-8 - -6) + (2 - -3)?
3
Calculate (-5 - (-9 + -2)) + -1 + -3.
2
What is 1 + -1 + (13 - 7) + -7?
-1
What is the value of 4 + -4 + -4 + 4?
0
What is the value of 1 - (-14 - -8 - -5)?
2
What is (-1 - -5) + -4 + 1?
1
Evaluate -1 + (-6 + 10 - -2).
5
Calculate (0 - (8 - 15)) + -9.
-2
What is the value of (22 - 12) + 9 + -11?
8
What is the value of 0 - -9 - (-17 + 19)?
7
Evaluate -9 + 1 - (24 - 27).
-5
Calculate 3 + -1 + (5 - 6).
1
Evaluate -3 + (0 + 1 - 1) + 0.
-3
Evaluate (3 + -7 - -8) + -11 + 14.
7
What is the value of (-11 - (0 + 0)) + 11?
0
Evaluate 2 + (2 - -1) - (-14 + 27).
-8
Calculate (-25 - -27) + (-1 - -2) + 1.
4
What is the value of 4 - (6 - (-6 + 8))?
0
Evaluate -2 + -2 + 2 + -2.
-4
Evaluate -7 + (-2 - 1 - -8).
-2
72 - 74 - (3 + -1) - -5
1
Calculate 0 - (8 - 3 - 3) - -3.
1
What is (-1 - -7) + -9 + (18 - 6)?
9
Evaluate 0 + 3 + -5 - (2 - 9).
5
-12 - (-32 + 11) - (7 + -1)
3
Calculate -5 - (-6 + -4) - 1 - 3.
1
Calculate 3 + -1 + -1 + 0.
1
What is 3 + 2 + -3 + -17 + 20?
5
Calculate (0 - (-1 + 3)) + 4.
2
Evaluate (-2 - ((3 - 3) + 2)) + 0.
-4
What is the value of 0 - -1 - (-3 - (1 - 4))?
1
Evaluate (1 - (-10 + -1)) + (177 - 182).
7
Calculate (2 - 2) + -4 - (0 - 1).
-3
-9 - (0 - (2 + 1 + 2))
-4
(9 - 7) + -9 - -9
2
Evaluate -5 - ((-4 - (3 + -1)) + 4).
-3
Evaluate -19 - -25 - (2 - -1).
3
50 + -44 + (-5 - 2 - 2)
-3
Evaluate (1 - (5 - 3) - 5) + 2.
-4
Evaluate -3 + (-4 - 1 - -6) - -3.
1
Calculate -1 + -2 + -2 + 10 + -8.
-3
(-5 - -3 - 0 - 0) + 1
-1
What is the value of -7 + (1 - (2 + -5))?
-3
Calculate 11 + (-11 - (-14 - -15)).
-1
-4 - 1 - (16 + -18)
-3
What is -5 - (-6 + 5 - 2)?
-2
What is the value of 0 - (-1 + 4 + 0 - 3)?
0
What is the value of 1 - (4 - 5) - -2?
4
What is the value of 4 + 2 - (10 + -7)?
3
Calculate 4 - (11 + -7 + (1 - -4)).
-5
What is (-3 - 2) + (0 - (-6 + 5))?
-4
What is the value of -1 + (2 - 3) - (0 - -2)?
-4
What is the value of -13 + 1 + -6 + 10 - -10?
2
Evaluate (-13 - -14) + (1 - (3 - 3)).
2
What is -4 + ((-5 - -1) + 3 - -1)?
-4
What is -27 + 24 + 0 + 2 + -1?
-2
(4 + -5 - -2) + -5 + 1
-3
What is 2 + (5 - ((-2 - -2) + 5))?
2
Evaluate -7 + 2 + -3 + 6.
-2
Calculate 3 + (-4 + 1 + -4 - 0).
-4
8 - -2 - 9 - (-1 + 7)
-5
Evaluate 2 + (2 - (0 - 0)).
4
What is the value of -39 + 42 + 1 + -7?
-3
Calculate 13 - (2 + 7) - 7.
-3
Calculate -4 + -8 + 8 - (1 - 1).
-4
Evaluate 10 + -6 + -1 - -3.
6
(-10 - (-18 - 1)) + -5 + 0
4
Evaluate -5 - -4 - (2 + 1).
-4
What is (-7 - 3) + 22 - 19?
-7
Calculate 5 - (2 - (-13 - -9)).
-1
What is 0 - (-4 - 2) - 3?
3
Calculate (-6 - 0) + 22 + -20.
-4
Evaluate -1 + 2 + 7 - (6 + -2).
4
What is 1 + (9 - (4 + -2)) + -3?
5
Calculate 2 - ((-3 - (0 - 3)) + 0).
2
-6 + 1 + 30 + -21
4
(-20 - -17) + (6 - -3)
6
What is the value of 0 + 6 + 1 + (-5 - -3)?
5
What is (1 - 1) + (3 - 3) + -1?
-1
Calculate 3 + 0 + -5 + -2.
-4
Evaluate -3 + (-4 + 3 - 0) + 2.
-2
What is -5 + (3 + 2 - 1)?
-1
7 + -1 + (-47 - -43)
2
What is the value of 5 - (21 + -2 + -7)?
-7
What is the value of 5 - ((-2 - 3) + (-2 - -12))?
0
Calculate 5 - 12 - (-4 + -1) - -4.
2
What is the value of (-3 - 0) + (-7 - (-2 + -8))?
0
Evaluate -3 + 8 + -4 + -8 - -1.
-6
What is (-9 - -13) + (-5 - -2)?
1
What is (0 - -1) + (2 - 3 - 0)?
0
-3 + 4 + (-6 - -7) + -3
-1
What is 2 - 2 - (1 + -2 + 1)?
0
Calculate -1 + 13 - (45 + -24 - 17).
8
What is (10 - 12 - -6) + (1 - 6)?
-1
Calculate ((2 - -7) + 4 - 5) + -6.
2
What is 5 + -2 - (-4 - -10)?
-3
Evaluate 0 + (3 + -7 - 1).
-5
Calculate -2 - 2 - -5 - 1.
0
(2 - 4) + -115 + 119
2
Evaluate (2 - 2 - 3) + -45 + 46.
-2
-1 + 2 + 1 + 2 + -3
1
What is 18 + -26 + (-1 - -5)?
-4
What is the value of -188 - -189 - (-1 + 11)?
-9
Evaluate 9 + (-5 - -1) + -2.
3
1 - -3 - (24 - 16)
-4
Calculate (-9 - -3 - -7) + (-3 - -2).
0
What is (0 - -5 - 5) + -5 + 8?
3
Calculate -7 - (-2 + (6 + -8 - 4)).
1
Evaluate 0 - (-2 + 3 + -1 - 3).
3
What is the value of (-1 - -8) + -3 - (9 + -1)?
-4
Evaluate 7 + 3 + (7 + -28 - -4).
-7
Calculate 0 - 2 - (4 - (-2 - -2)).
-6
What is (3 - (-6 + 9)) + (1 - -2)?
3
0 + -1 - (5 - 10)
4
Evaluate -1 + (2 - 13) - (80 - 82).
-10
What is -5 + -2 + 25 + -11?
7
What is (-4 - (2 + -2 + -2)) + -1?
-3
Calculate 10 - 7 - (-2 - 0).
5
What is the value of -8 + -2 + 14 + -1 + -3?
0
What is 6 - 3 - (5 + -3) - -1?
2
Calculate 7 + 1 + (14 - 17).
5
What is the value of -7 - (-3 + -5 + 4)?
-3
10 + -20 - (-3 + 0)
-7
Calculate 1 + (-12 - -2) + 10.
1
Calculate 13 - (-1 + 7 + -4).
11
6 - (-3 + 5 - 2)
6
What is 0 + 1 + -1 - (25 - 18)?
-7
What is the value of (-7 - (9 - 13)) + (4 - -1)?
2
5 + -3 + (1 - 5) + -1
-3
5 + (1 - 1) + -2
3
What is the value of (-23 - -24) + (0 - 0)?
1
2 + (5 - (2 - (3 - 7)))
1
What is the value of -8 - -3 - (-2 + 0 + -1)?
-2
What is the value of (-9 - -4) + -5 + 7?
-3
What is the value of -9 + (11 - 7) + 4?
-1
What is -3 - (-2 + -7 + 2) - -1?
5
What is -8 + -3 + 11 + -2?
-2
What is (8 - (-3 + 3)) + -4?
4
(1 - (3 - 2)) + 5
5
-10 + 2 + -1 + 2 + 2
-5
What is the value of -1 - (-5 + (4 - (-2 + 3)))?
1
Calculate 0 - (4 - 1 - (27 + -22)).
2
What is the value of 0 - ((22 - 21) + (-1 - 0))?
0
Evaluate -19 + -21 + 40 + (8 - 0).
8
What is 18 - 23 - (0 + -2)?
-3
Evaluate 0 + 1 - (-235 + 236).
0
What is (2 - (-1 + -1)) + -19 + 11?
-4
What is the value of 4 - (4 + 0 + 0)?
0
5 + -1 + 2 + -10 + 0
-4
10 - (22 + -9) - 3
-6
Calculate -5 + (-10 - -10 - -6).
1
Calculate 3 + 3 - (4 + 0).
2
What is 28 + -27 - (1 - 2 - -5)?
-3
Evaluate -4 + 22 + -6 + -14.
-2
7 - (4 + 6 + (-1 - 7))
5
9 + (-16 - -14) + 0 + -5
2
What is 1 - (3 - 3 - -2)?
-1
Evaluate 3 + -1 - 1 - (-2 - -4).
-1
Calculate 3 + -4 - (-15 - -11).
3
Calculate 0 + -9 - (-33 - -27).
-3
What is the value of -5 - (9 + (-20 - -8))?
-2
Calculate -3 + -4 + 9 + -2.
0
-1 - 2 - 0 - -1
-2
What is the value of -2 + 2 + 4 + 5 + -4?
5
Calculate 3 + -2 - (3 - (2 + -2)).
-2
What is the value of 2 + (-6 - -5) + -3?
-2
What is (6 - 9) + 5 - 2?
0
Evaluate -1 + 2 + (16 + -31 - -7).
-7
What is the value of (10 + -10 - (-3 + 1)) + -1?
1
Evaluate 2 + 4 + -3 + -3 + 3.
3
6 - (19 - (11 - -1))
-1
(0 - 1 - -3) + (-43 - -38)
-3
What is -11 - -1 - (30 - 36) - -6?
2
What is 0 - ((2 - 4) + 0)?
2
Calculate 6 + 1 + -6 + (-2 - 0).
-1
Calculate (3 - -3) + (-3 - 3).
0
Calculate -1 + (-1 - -1) - (7 - 8).
0
Calculate 14 + -19 + (-1 - 1).
-7
What is the value of -4 + 6 - (-5 - -2)?
5
What is (0 - -6) + -3 + (5 - 3)?
5
What is the value of 0 + 3 + 6 + -7 + 4?
6
(-51 - -48) + (2 - -1)
0
What is -11 + 11 + -2 + (-1 - 1)?
-4
Calculate -1 + (-8 - -8) - 5.
-6
What is -6 + (-121 - -120) + (6 - -1)?
0
-7 - -1 - (-10 - (-4 + -5))
-5
Evaluate 0 - (-8 - (14 + -16)).
6
Calculate -74 + 85 - (0 - -4 - -1).
6
What is -1 - -7 - (9 - -2)?
-5
What is the value of -1 + -2 + -4 - -3?
-4
Calculate 9 + -2 + (-14 - -4).
-3
Evaluate 17 + -14 - ((1 - -5) + -2).
-1
What is 0 - -2 - (-68 + 72)?
-2
What is 1 + 6 - (-10 + 22 - 8)?
3
Calculate -14 + 17 - (-5 - 0).
8
3 + -3 + (17 - 19)
-2
(-1 - 3) + (10 - 10)
-4
Evaluate -22 + 18 + 15 + -6.
5
What is the value of 4 + (-3 + 0 - (-2 + 0))?
3
Evaluate (6